 greatest common factor of w and 18?
18
Suppose -5*i - 23 = 17. Let y = 14 - i. Let k(d) = d**2 - 5*d + 5. Let t be k(6). What is the greatest common factor of y and t?
11
Suppose 2*h = -2*k + 4, 5*k = 4*h + 3*k - 32. Suppose j + 12 = 4. Let g = j + 12. Calculate the greatest common divisor of g and h.
2
Let n(f) = 26*f**2 - 2*f + 2. Let l be n(-2). What is the greatest common divisor of l and 10?
10
Suppose -64 = 2*b - 6*b. What is the greatest common factor of 176 and b?
16
Let k = 30 + -14. Suppose -k = -b + 14. What is the highest common factor of b and 20?
10
Let l = 59 - -49. Suppose -q = 3*h - l, -4*h + 160 = h - 5*q. Suppose 0 = -8*a + 4*a + 28. What is the greatest common divisor of a and h?
7
Let b be (-3)/(-4) + (-7752)/(-32). Calculate the highest common divisor of b and 9.
9
Suppose -r = 45 - 155. Calculate the highest common factor of r and 44.
22
Let y(v) = v**2 - 13*v + 14. Let x be y(13). What is the highest common factor of 21 and x?
7
Suppose 16 = 4*g - m + 2, -g - 3*m = -10. Calculate the highest common divisor of 4 and g.
4
Let c(g) = -43*g + 1. Let q(j) = j + 9. Let o be q(-7). Let z = o + -3. Let d be c(z). What is the greatest common divisor of d and 4?
4
Suppose -r - 16 = -3*r. Suppose -5 = 3*y - r*y. Calculate the highest common factor of 2 and y.
1
Suppose 7 = 3*s - 5. Suppose 2*a - 22 = -s*f, 5*a - 5*f + 8 = 63. What is the greatest common factor of a and 110?
11
Let s = 199 - 197. Let h(y) = y**3 - y. Let b be h(2). Suppose -2*o + b = 0, 3*p - o - 17 = -p. Calculate the highest common divisor of s and p.
1
Let h = -95 - -102. Let y(o) = -o**3 + 8*o**2 - 5*o. Let j be y(6). Calculate the highest common divisor of j and h.
7
Let l = 3 - -2. Suppose -l*d = -4*p - 142, d - 2*p + 64 = 3*d. Let o = d + -14. What is the highest common factor of o and 24?
8
Suppose 4*g = g - 12, -o + 3*g = -28. Suppose -4*a + 16 = 2*l, 5*l - 4*a = -9*a + 30. What is the greatest common factor of l and o?
4
Let h be (-110)/(-33) + 4/6. Calculate the greatest common divisor of 44 and h.
4
Let c(s) = 2*s. Let n be c(2). Suppose o - 3*z - 70 = 0, -n*o = -3*z - 104 - 131. Calculate the greatest common divisor of 5 and o.
5
Let t(c) = c + 7. Let p be t(-7). Suppose -2*g + 6*g = p. Suppose -m - 2*m + 30 = g. Calculate the greatest common factor of m and 25.
5
Let x = 91 - 47. Let u = x - 12. Calculate the greatest common divisor of u and 224.
32
Let t(c) = -c**2 - c + 13. Suppose 2*k = -5*r - 6, 4*k + 15 = -2*r + 3. Let w be t(r). What is the greatest common factor of 143 and w?
13
Let q(h) = h**2 + h + 2. Let l be q(-2). Let j be l - (-2)/1 - -2. Calculate the greatest common divisor of 1 and j.
1
Let c = 46 + -33. Calculate the greatest common divisor of c and 104.
13
Let v(i) = -i**2 - 8*i - 7. Suppose 5*g = 4*f + 2*g + 14, -4*f - 22 = g. Let a be v(f). Calculate the greatest common divisor of a and 12.
4
Let k = 187 - 127. Calculate the highest common divisor of k and 15.
15
Let i be 1*(1 - 0)*36. Let a be 2/(-10) - (-26)/5. Suppose 5*x - a = -5*d, 0 = -x + 6*x - 4*d - 32. Calculate the highest common divisor of i and x.
4
Let c = 405 - 261. What is the greatest common factor of c and 18?
18
Let c(x) = 13*x**2 + 8. Let m be c(-4). Calculate the greatest common divisor of m and 24.
24
Let v = -9 + 27. Suppose 0 = -j + 6*j - 2*q - 64, -j = -4*q - 20. Suppose -j = 3*u, 2*b + 4*u - 135 = 101. Calculate the highest common factor of v and b.
18
Let l(p) be the first derivative of -p**4/4 + 4*p**3 - 11*p**2/2 + 12*p - 5. Let j be l(11). Calculate the highest common factor of j and 36.
12
Suppose -2*f = -3*f + 51. Let x = 13 + 4. Calculate the greatest common factor of f and x.
17
Let y = -20 + 10. Let w be (56/y)/(4/(-30)). Suppose 9*n = 8*n + 14. Calculate the greatest common factor of n and w.
14
Suppose -27 = -5*v - 2. Calculate the greatest common divisor of 20 and v.
5
Let z(x) = x**3 + 6*x**2 + 3*x - 7. Let t be z(-5). Let b = -8 + 14. Let y be b*(1 - (-3)/6). Calculate the highest common factor of y and t.
3
Let t be -4 + ((-15)/(-5) - -4). Calculate the greatest common divisor of t and 33.
3
Suppose -3*r = 5*i - 477, -4*r - 4*i = i - 631. Calculate the highest common factor of 14 and r.
14
Let b(n) = -n**2 + 14*n + 10. Let i be b(14). What is the highest common factor of 10 and i?
10
Suppose 4*v - 5 = 2*y + 15, 0 = 4*v - 4*y - 20. Let i(p) = 2*p + 2. Let m be i(v). Calculate the greatest common factor of 60 and m.
12
Let p be 0/(-4)*(-2)/(-4). Let w(t) = t + 14. Let f be w(p). Let k be 147/6*48/28. What is the highest common divisor of f and k?
14
Let t(q) = -q**2 + 2*q. Let b be t(-2). Let f(l) = 3*l**2 - 5*l - 12. Let m be f(b). Calculate the greatest common divisor of 20 and m.
20
Suppose 2*y - 135 = -y. Calculate the greatest common divisor of 15 and y.
15
Suppose 0*v + 5*v - 18 = 4*f, -5*v = -3*f - 16. Let o be (2/4)/(4/32). Let x be (-64)/(-4) + o/(-2). What is the highest common factor of x and v?
2
Let q(m) = m**2 + m - 2. Let x be q(2). Suppose r = -x*r + 4*w - 5, 4*r + 8 = 4*w. What is the highest common divisor of r and 6?
3
Suppose -4 = -2*d + 2*r, 5*d + 10 = 4*d - 3*r. Let y be (-1)/d - 3 - -9. What is the greatest common divisor of y and 14?
7
Let o be -6*((-116)/12 + 0). Let q(v) = -3*v - 2. Let f be q(-6). Suppose 3*x + f = o. Calculate the greatest common divisor of x and 21.
7
Let s be (0 + -1)*-3*12/9. Calculate the highest common divisor of 8 and s.
4
Let z = 6 + 4. Let a be z/(0 + 4/6). Calculate the greatest common factor of a and 165.
15
Suppose 0 = k + 3*k - 16. Suppose -d - 3*d = -144. Calculate the highest common factor of k and d.
4
Let p = 43 - 23. Let u = 50 - p. Calculate the highest common divisor of u and 150.
30
Let u = 0 + 6. Calculate the greatest common factor of u and 6.
6
Let o = -4 + 18. Let t = 50 + -36. What is the highest common divisor of o and t?
14
Let w be 1 + 130 + (-2)/(-2). Suppose 4*i - 8*i = -n - 15, -2*i + 5*n + 3 = 0. Suppose v - i = 8. Calculate the highest common factor of w and v.
12
Suppose 225 + 55 = 7*a. What is the highest common divisor of 120 and a?
40
Let l be (8/12)/((-4)/30). Let h = 61 + l. Let w be 720/h*56/6. What is the greatest common divisor of 12 and w?
12
Suppose 0 = 3*i + 4*q + 11, -i + 11 = 3*q + 2*q. Let x = 11 + i. Calculate the greatest common divisor of x and 22.
2
Let w(s) = -s**3 - s + 11. Let b be 2/12*2*0. Let z be w(b). What is the highest common factor of z and 33?
11
Suppose 5*h + 0*n - 3*n = 25, 0 = 5*n. Suppose 0*s = -h*s + 20. What is the highest common divisor of s and 12?
4
Let r be (-1)/2 + (-164)/(-8). Calculate the highest common divisor of r and 10.
10
Let n be (36/8)/(3/4). Let j be n/(3/(-8)*-1). What is the greatest common factor of 48 and j?
16
Suppose -8 = -g + 8. What is the highest common divisor of g and 176?
16
Let u be 1 + (-65)/(-2)*8. What is the greatest common factor of u and 29?
29
Let s = 201 + -118. Suppose 0 = -5*g + s + 277. Calculate the greatest common divisor of 8 and g.
8
Let v(y) = y**2 + 6*y + 7. Let b = 21 + -29. Let i be 42/b + (-1)/(-4). Let h be v(i). What is the greatest common divisor of 2 and h?
2
Let q(i) = -i**3 + 4*i**2 + 8*i - 4. Let m be q(5). What is the greatest common divisor of m and 22?
11
Let z(q) be the third derivative of -q**5/60 + q**4/4 + q**3/2 - 5*q**2. Let d be z(6). Suppose 4 = 2*b - 0. What is the greatest common divisor of b and d?
1
Suppose -3*m - 6 = 2*h, 0*h + 6 = -4*h - 3*m. Suppose -u + 29 = -h*u + 5*x, -2*u + 40 = 4*x. Calculate the greatest common factor of 35 and u.
7
Suppose -30 = -3*h - f, -4*h + 2 + 40 = 2*f. Let y(n) = -n**3 - 5*n**2 - n + 4. Let u be y(-5). Calculate the highest common factor of u and h.
9
Suppose 5*r - 2*r = n - 137, 2*r - n + 92 = 0. Let d = -21 - r. What is the highest common factor of d and 12?
12
Suppose 25 = 3*y - 2*s, s - 46 = -7*y + 2*y. Calculate the greatest common factor of 9 and y.
9
Let b = -6 - -8. Let t = 14 - b. Let q be 0 + t + -2 + 0. What is the greatest common divisor of q and 20?
10
Suppose -5*n + 2*n = 0. Let a = 66 + -53. Let y = a - n. Calculate the greatest common divisor of y and 104.
13
Suppose 0*g + 3*g = a + 22, 3 = g + 4*a. Suppose g*b - 20 = 2*b. Suppose 0 + b = 4*r. Calculate the highest common divisor of 8 and r.
1
Let x = 5 - -